 + 9, 4*h - 4 = -i*o + 4*o. List the prime factors of m(o).
17
Suppose j - 2*r = -5*r + 19, -r = 4*j - 21. Let w be (-1 - 0)*(38 - j). Let m = w + 61. What are the prime factors of m?
3
Let n(o) = o**2 + o - 1. Let g(l) = 6*l**2 + 22*l - 4. Let y(h) = g(h) - 4*n(h). What are the prime factors of y(-12)?
2, 3
Let u(i) = -i**2 + 7*i - 8. Let h be u(3). Suppose -b - 502 = -h*y, -y + 2*b + 82 + 47 = 0. What are the prime factors of y?
5
Let m(b) = -3*b + 68. Suppose 0 = 7*a - 2*a + 100. What are the prime factors of m(a)?
2
Let d(m) = -43*m - 11. What are the prime factors of d(-5)?
2, 3, 17
Suppose 5*y - 2780 = -2*f + 7*f, -3*y + f + 1662 = 0. What are the prime factors of y?
7, 79
Let j(n) = -n**2 - 12*n - 32. Let k be j(-6). Suppose -k*z + 10*z - 702 = 0. What are the prime factors of z?
3, 13
Suppose 20 = -4*s, -3*o - 33 = -4*o - 4*s. Suppose -53 = -2*x + o. What are the prime factors of x?
53
Let s(g) = 12*g**2 + 4. Suppose -7 = -5*p + h, 0 = -4*p - 3*h + 10 + 7. List the prime factors of s(p).
2, 13
Suppose -13*p - 20 = -17*p. Suppose 2*i + 0*i = p*z - 537, 4*i = 16. What are the prime factors of z?
109
Let h = 6 - 2. Suppose 66 = -2*l + h*l. What are the prime factors of l?
3, 11
Let q = -3410 + 4945. List the prime factors of q.
5, 307
Let i(l) = -l**3 + l**2 + 5*l + 3. Let j be i(-4). Let d = -37 + j. List the prime factors of (-594)/(-26) + 4/d.
23
Suppose 2*s - 5*s = 84. Let o = -176 - -234. Let h = o + s. What are the prime factors of h?
2, 3, 5
Suppose 8*n + 4 = 36. Suppose 16 = 3*g - k - 168, -3*g - n*k + 209 = 0. What are the prime factors of g?
3, 7
Suppose -2*o - 3*m - 2*m = -64, 4*m - 68 = -2*o. Let a = 26 - 28. Let z = a + o. List the prime factors of z.
2, 5
Let s(h) = 61*h**2 - 2*h. Let g be s(2). Suppose 0 = -3*v + 3, -3*f + 2*v + g = -v. Let b = f + -54. List the prime factors of b.
3
Let a(t) = 6 + t + 4 - 2. Let p be a(-6). Suppose p*v + 2*f + 100 = 6*v, -2*f = -v + 28. List the prime factors of v.
2, 3
Let s = -71 - -67. Let m(o) = -5*o**3 - 8*o**2 + 6*o + 9. List the prime factors of m(s).
3, 59
Let p(t) = -t**2 - 9*t - 7. Let h be p(-7). Let x = -1 + h. Suppose x + 102 = 3*s + 3*r, -s = -r - 34. List the prime factors of s.
5, 7
Let a(n) = n**3 + 12*n**2 + 10*n - 10. Let q be a(-11). List the prime factors of 1/(q/(-16))*-1.
2
Let c(p) = -6*p - 9. Let w be c(8). Let a = 132 + w. List the prime factors of a.
3, 5
Suppose 6646 = 4*g - 1922. What are the prime factors of g?
2, 3, 7, 17
Let u = 127 - 130. List the prime factors of 134/(2/(5 + u)).
2, 67
What are the prime factors of (-23)/(184/(-48)) - -1250?
2, 157
Suppose -12*f = -21*f + 3924. What are the prime factors of f?
2, 109
Let f(j) = 32*j**3 - 4*j**2 + 5*j + 3. What are the prime factors of f(2)?
11, 23
List the prime factors of 1 - (-1452)/3 - -6.
491
Suppose 0 = -5*c + 3*c - 2*v + 2, -4*c - 3*v = -3. Suppose -5*a + c*l + 970 = 5*l, -3*l = -5*a + 1002. List the prime factors of a.
2, 3, 11
Suppose -8 = 4*n + 12. Let f be (36 - -1)/(6 + n). Let t = -20 + f. What are the prime factors of t?
17
Let y be (-4)/12*6/4*-6. Suppose 63 = y*j - 9. What are the prime factors of j?
2, 3
Let f = 470 - -66. What are the prime factors of f?
2, 67
Let v(j) = 2*j**2 - 26*j - 30. Let l be v(21). Suppose 4*a + i = 255, 5*a - l = -i + 4*i. List the prime factors of a.
3, 7
Let m(z) = z + 7. Let q be m(-4). Let u be -8 + (q - -1) + -2. Let h(k) = -8*k - 10. What are the prime factors of h(u)?
2, 19
Suppose 31*u + u = 20064. List the prime factors of u.
3, 11, 19
Suppose 0 = -4*j + j + 3*i + 9, 4 = 4*i. Suppose 8 = -5*a + j*a. What are the prime factors of ((-2)/3)/(a/264)?
2, 11
Let a(x) = 6*x - 18. Let n be a(10). Suppose 3*m + 4*v - 109 = 0, 5*v - n = -5*m + 148. List the prime factors of m.
43
Suppose 0 = 2*h + h + v - 11, -2*h = 3*v - 12. Suppose u + p = 46 + 119, h*u = -p + 491. What are the prime factors of u?
163
Suppose -25*d + 48 = -9*d. Suppose v + 5*m - 126 = 0, 3*v + d*m - 287 = v. What are the prime factors of v?
151
Let u be ((-13)/(-3))/(1/27). Let r = u - -118. What are the prime factors of r?
5, 47
Let u be 14/8 + (-2 - 45/(-20)). Suppose u*p + p = 54. List the prime factors of p.
2, 3
Suppose 2*r = -2*b + 118, 8*r - 228 = 4*r + 4*b. Let t = 66 - r. List the prime factors of t.
2
Suppose -i + 471 = b + 3*b, 1968 = 4*i - 5*b. Suppose -4*l + n + i = 0, 5*n = -4*l + 135 + 334. What are the prime factors of l?
11
Let a(z) = -1507*z + 13. List the prime factors of a(-1).
2, 5, 19
Let q(o) = o**3 + o + 2. Let c be q(0). Suppose -c*l + 15 = l. Suppose 0 = -l*w + 2*w + 105. List the prime factors of w.
5, 7
Let v(h) = 2*h**3 + 5*h**2 + 4*h + 8. Let a(f) = -2*f**3 - 4*f**2 - 3*f - 9. Let g(y) = -2*a(y) - 3*v(y). List the prime factors of g(-6).
2, 3, 5, 7
Suppose -31 = -6*o + o + 4*u, -u = 4. Suppose -3*a + 16 = -i + 74, -a = o*i - 214. List the prime factors of i.
2, 5, 7
Let m = 571 + -382. List the prime factors of m.
3, 7
Let p = -932 + 1855. What are the prime factors of p?
13, 71
Suppose -864 = 44*s - 48*s. List the prime factors of s.
2, 3
Suppose 2*b - 38 = -32. What are the prime factors of b?
3
What are the prime factors of (-28 + 34)/((-1)/(-168))?
2, 3, 7
Suppose 19 = 4*d - 5. Let h(p) = p**2 - p - 1. Let q(m) = -6*m**2 + 12*m - 3. Let g(i) = -5*h(i) - q(i). What are the prime factors of g(d)?
2
Let v(h) = 4*h + 10. Let t be v(-4). List the prime factors of 57 + -2 - 12/t.
3, 19
Let l = 811 - 347. What are the prime factors of l?
2, 29
Let b(k) = 2*k**2 - 7*k + 926. What are the prime factors of b(0)?
2, 463
List the prime factors of (-1 - 458/(-6))/(208/4680).
3, 5, 113
Let r(s) = -8*s - 8. Let o(d) = -17*d - 15. Let p(y) = -2*o(y) + 5*r(y). Suppose z - 4*v = -21, 21 = -3*z - 0*z - 2*v. What are the prime factors of p(z)?
2, 11
Let v(c) = -c**2 + 1. Let z(h) = -12*h**2 - h + 10. Let m(g) = 22*v(g) - 2*z(g). List the prime factors of m(2).
2, 7
Suppose -13*h = 2775 - 9938. List the prime factors of h.
19, 29
Let m = 53 - -2. Suppose -2*x + m = 4*j - 97, -x + 76 = -2*j. List the prime factors of x.
2, 19
Let i = 54 + -50. Suppose -2*t = -4*x + 72, 0*x - 3*x + 59 = -i*t. List the prime factors of x.
17
Let d = 1268 - 841. List the prime factors of d.
7, 61
Let y(z) = z**3 - z**2 - 2*z. Let k be 3 + (2/(-1) - -1). Let x be y(k). Suppose x = 3*j + 2*j - 160. List the prime factors of j.
2
List the prime factors of (819/78)/((-3)/(-142)).
7, 71
Let d(r) = r**2 + 9*r + 18. Let u be d(-19). Suppose -28*p + 24*p = -u. List the prime factors of p.
2, 13
Let x(d) = -d**3 - 12*d**2 + 27*d - 14. Let r be x(-14). Suppose -2 = -2*z - r, 0 = 5*j + 3*z - 353. What are the prime factors of j?
2, 5, 7
Let r = 639 + -81. What are the prime factors of r?
2, 3, 31
Let f be 3*((-12)/(-108) - 4/(-18)). Let b(z) = 44*z**2 - 3*z + 2. List the prime factors of b(f).
43
Suppose 8 = -i + 8. Suppose -11*k + 8*k + 36 = i. What are the prime factors of k?
2, 3
Let x(k) be the second derivative of 2*k**3/3 + 57*k**2 - 8*k. Let h(f) = -3*f - 76. Let c(u) = 7*h(u) + 5*x(u). List the prime factors of c(0).
2, 19
Let m = 15 - 15. Let d(u) = -2*u + 4. What are the prime factors of d(m)?
2
Let v(w) = -w**3 - 18*w**2 + 28*w + 107. List the prime factors of v(-22).
1427
Suppose 19 = a - 6. Suppose 23 + a = t. Suppose 2*x = x + t. List the prime factors of x.
2, 3
Let h(m) = -166*m - 8. Let q be h(-3). Suppose -80 = 5*b - q. List the prime factors of b.
2, 41
Let z(w) = 2*w**2 - 13*w - 8. What are the prime factors of z(9)?
37
Let s be 9 + -2 - 3/((-18)/12). Let w(p) = -p**2 - 3*p. Let t be w(-3). Suppose -b + 4*x + 77 = t, 4 = x + s. List the prime factors of b.
3, 19
Suppose 2*r + 597 = -5*f + 5347, -2*f + 11896 = 5*r. What are the prime factors of r?
2, 5, 7, 17
Suppose -5 = 4*u - 25. Let o be 88/u - 2/(-5). Suppose 57 = 3*k - o. List the prime factors of k.
5
Suppose 0 = -9*j + 14*j - 10. Suppose -12 = 3*r, 0*r + 5*r = j*i - 62. Suppose 2*d - i = 13. List the prime factors of d.
17
Suppose 9*g - 378 = -0*g. Suppose 8 = -2*i + g. List the prime factors of i.
17
Suppose -3*q - 53 = -278. Suppose -3*b + q = 2*b. Let m = b - 8. List the prime factors of m.
7
What are the prime factors of 2632/12 + (1 - 28/12)?
2, 109
List the prime factors of (3/(-6) - -1)*(-22590)/(-15).
3, 251
Let h(o) = 5*o**2 